65?
9
What is the thousands digit of 16080?
6
What is the units digit of 636515?
5
What is the hundreds digit of 13812327?
3
What is the thousands digit of 252440?
2
What is the units digit of 3182455?
5
What is the millions digit of 1965447?
1
What is the millions digit of 1801923?
1
What is the millions digit of 13648141?
3
What is the ten thousands digit of 21769295?
6
What is the ten thousands digit of 79825?
7
What is the millions digit of 7560545?
7
What is the units digit of 250410?
0
What is the hundreds digit of 62277?
2
What is the thousands digit of 14880320?
0
What is the thousands digit of 3196393?
6
What is the ten thousands digit of 923857?
2
What is the tens digit of 186087?
8
What is the ten thousands digit of 78474?
7
What is the units digit of 6081644?
4
What is the ten thousands digit of 642364?
4
What is the tens digit of 707579?
7
What is the thousands digit of 2486926?
6
What is the units digit of 816546?
6
What is the millions digit of 9213284?
9
What is the hundreds digit of 701036?
0
What is the tens digit of 22703?
0
What is the millions digit of 2402621?
2
What is the tens digit of 35315?
1
What is the hundreds digit of 404539?
5
What is the millions digit of 1949792?
1
What is the units digit of 206687?
7
What is the hundreds digit of 2630566?
5
What is the units digit of 2818476?
6
What is the hundred thousands digit of 670600?
6
What is the thousands digit of 2669003?
9
What is the tens digit of 2212836?
3
What is the thousands digit of 9313876?
3
What is the hundred thousands digit of 7894370?
8
What is the ten thousands digit of 1203606?
0
What is the ten thousands digit of 10407683?
0
What is the hundred thousands digit of 2509891?
5
What is the tens digit of 1394792?
9
What is the hundred thousands digit of 460101?
4
What is the thousands digit of 287951?
7
What is the hundred thousands digit of 493216?
4
What is the ten thousands digit of 4056505?
5
What is the units digit of 271662?
2
What is the hundreds digit of 341509?
5
What is the thousands digit of 6418881?
8
What is the tens digit of 979584?
8
What is the hundreds digit of 5676805?
8
What is the hundred thousands digit of 3712215?
7
What is the hundred thousands digit of 290161?
2
What is the hundreds digit of 1180603?
6
What is the units digit of 173121?
1
What is the units digit of 3122250?
0
What is the ten thousands digit of 4514353?
1
What is the hundred thousands digit of 7115102?
1
What is the ten thousands digit of 6456411?
5
What is the ten thousands digit of 3723961?
2
What is the thousands digit of 1576239?
6
What is the ten thousands digit of 68134?
6
What is the hundred thousands digit of 186796?
1
What is the ten thousands digit of 1665282?
6
What is the tens digit of 41076?
7
What is the millions digit of 9381144?
9
What is the thousands digit of 424340?
4
What is the millions digit of 11288197?
1
What is the millions digit of 5132825?
5
What is the hundreds digit of 280491?
4
What is the tens digit of 194414?
1
What is the ten thousands digit of 18415451?
1
What is the hundred thousands digit of 2807624?
8
What is the hundred thousands digit of 2246685?
2
What is the units digit of 4859554?
4
What is the units digit of 6795810?
0
What is the ten thousands digit of 10737124?
3
What is the ten thousands digit of 131817?
3
What is the hundreds digit of 1204478?
4
What is the hundred thousands digit of 141214?
1
What is the hundreds digit of 904459?
4
What is the hundred thousands digit of 106650?
1
What is the ten thousands digit of 325070?
2
What is the thousands digit of 1612077?
2
What is the hundreds digit of 63607?
6
What is the millions digit of 20528385?
0
What is the thousands digit of 253832?
3
What is the tens digit of 635805?
0
What is the ten thousands digit of 10890013?
9
What is the thousands digit of 128297?
8
What is the thousands digit of 4376597?
6
What is the tens digit of 5282729?
2
What is the ten millions digit of 14280673?
1
What is the hundreds digit of 17841785?
7
What is the tens digit of 705685?
8
What is the hundred thousands digit of 2000680?
0
What is the ten thousands digit of 12899773?
9
What is the hundred thousands digit of 8812029?
8
What is the thousands digit of 1115497?
5
What is the units digit of 7990601?
1
What is the millions digit of 3926654?
3
What is the tens digit of 1283350?
5
What is the thousands digit of 1554399?
4
What is the tens digit of 323488?
8
What is the thousands digit of 8982646?
2
What is the tens digit of 312630?
3
What is the hundred thousands digit of 11581121?
5
What is the hundred thousands digit of 423248?
4
What is the millions digit of 8439855?
8
What is the thousands digit of 4822435?
2
What is the millions digit of 1827527?
1
What is the ten thousands digit of 461018?
6
What is the units digit of 290075?
5
What is the hundreds digit of 777526?
5
What is the thousands digit of 330351?
0
What is the thousands digit of 457408?
7
What is the ten thousands digit of 428146?
2
What is the tens digit of 4358377?
7
What is the thousands digit of 10594398?
4
What is the hundreds digit of 244133?
1
What is the hundred thousands digit of 802708?
8
What is the units digit of 95455?
5
What is the ten thousands digit of 4754720?
5
What is the millions digit of 13025518?
3
What is the units digit of 408519?
9
What is the hundred thousands digit of 688660?
6
What is the thousands digit of 68461?
8
What is the thousands digit of 2722706?
2
What is the hundreds digit of 431931?
9
What is the thousands digit of 352180?
2
What is the units digit of 40906?
6
What is the thousands digit of 5724793?
4
What is the ten thousands digit of 41027007?
2
What is the ten thousands digit of 2648279?
4
What is the hundreds digit of 209639?
6
What is the units digit of 17219834?
4
What is the thousands digit of 367021?
7
What is the hundreds digit of 216526?
5
What is the ten thousands digit of 701549?
0
What is the tens digit of 5593887?
8
What is the hundred thousands digit of 6102501?
1
What is the millions digit of 13604322?
3
What is the hundreds digit of 2438753?
7
What is the tens digit of 875304?
0
What is the thousands digit of 197940?
7
What is the units digit of 819377?
7
What is the ten thousands digit of 134035?
3
What is the hundreds digit of 511711?
7
What is the hundreds digit of 52150?
1
What is the hundred thousands digit of 10161214?
1
What is the hundreds digit of 8181574?
5
What is the hundred thousands digit of 125733?
1
What is the ten thousands digit of 242481?
4
What is the tens digit of 2235537?
3
What is the thousands digit of 15050102?
0
What is the ten thousands digit of 487490?
8
What is the tens digit of 4597496?
9
What is the hundred thousands digit of 37260445?
2
What is the tens digit of 1139336?
3
What is the millions digit of 9320183?
9
What is the hundred thousands digit of 166757?
1
What is the units digit of 2211407?
7
What is the tens digit of 780002?
0
What is the units digit of 551722?
2
What is the ten thousands digit of 1175568?
7
What is the ten thousands digit of 2014519?
1
What is the hundred thousands digit of 1690642?
6
What is the hundreds digit of 866896?
8
What is the hundreds digit of 478194?
1
What is the tens digit of 1282517?
1
What is the hundreds digit of 1041848?
8
What is the units digit of 37676?
6
What is the thousands digit of 1593635?
3
What is the tens digit of 18952339?
3
What is the units digit of 4527606?
6
What is the millions digit of 6776401?
6
What is the units digit of 151728?
8
What is the units digit of 76698?
8
What is the hundreds digit of 2331693?
6
What is the hundred thousands digit of 114640?
1
What is the millions digit of 1727882?
1
What is the hundreds digit of 7156424?
4
What is the hundreds digit of 331224?
2
What is the units digit of 815769?
9
What is the thousands digit of 4785904?
5
What is the tens digit of 15279421?
2
What is the tens digit of 1649264?
6
What is the ten thousands digit of 119612?
1
What is the units digit of 235859?
9
What is the ten thousands digit of 232626?
3
What is the ten thousands digit of 10736107?
3
What is the thousands digit of 377346?
7
What is the ten thousands digit of 15655248?
5
What is the ten thousands digit of 1037201?
3
What is the millions digit of 7039135?
7
What is th